{"id":84,"date":"2011-01-06T19:50:35","date_gmt":"2011-01-06T19:50:35","guid":{"rendered":"http:\/\/www.alzheimer-guetersloh.de\/?page_id=84"},"modified":"2011-01-06T19:53:14","modified_gmt":"2011-01-06T19:53:14","slug":"satzung","status":"publish","type":"page","link":"https:\/\/www.alzheimer-guetersloh.de\/?page_id=84","title":{"rendered":"Satzung"},"content":{"rendered":"<p style=\"text-align: justify;\"><strong>\u00a7 1\u00a0 Name, Sitz und Gesch\u00e4ftsjahr<\/strong><\/p>\n<p>Der Verein f\u00fchrt den Namen <strong>\u201eAlzheimer Gesellschaft Kreis G\u00fctersloh\u201c<\/strong> und nach Eintragung in das Vereinsregister den Zusatz \u201ee.V.\u201c<br \/>\nSitz des Vereins ist G\u00fctersloh.<br \/>\nDas Gesch\u00e4ftsjahr ist das Kalenderjahr.<br \/>\nDer Verein ist Mitglied im Bundesverband der \u201eDeutschen Alzheimer ?Gesellschaft e.V.\u201c<\/p>\n<p style=\"text-align: justify;\"><strong>\u00a7 2\u00a0 Zweck des Vereins<\/strong><\/p>\n<p>Zweck des Vereins ist die F\u00f6rderung von Hilfen f\u00fcr alle von der Alzheimer Krankheit und anderen Demenzerkrankungen betroffenen Menschen, f\u00fcr Menschen mit anderen psychischen Erkrankungen im h\u00f6heren Lebensalter, sowie f\u00fcr die Angeh\u00f6rigen dieser Betroffenen und f\u00fcr die an der Versorgung beruflich oder ehrenamtlich beteiligten Personen. Grundlage der Arbeit ist die \u00dcberzeugung von der W\u00fcrde des behinderten Lebens.<\/p>\n<p style=\"text-align: justify;\">Der Verein verwirklicht diese Ziele durch:<\/p>\n<ul>\n<li>Gezielte Projekte zur Verbesserung der Versorgung Demenzkranker in der Region<\/li>\n<li>\u00d6ffentlichkeitsarbeit zur F\u00f6rderung von Verst\u00e4ndnis und Engagement f\u00fcr Menschen mit Demenzerkrankungen<\/li>\n<li>F\u00f6rderung von Fort- und Weiterbildungsveranstaltungen auf dem Gebiet der Demenz und anderer psychischer Alterskrankheiten<\/li>\n<li>Aufbau, F\u00f6rderung und Koordination von Beratungsstellen f\u00fcr Betroffene und Angeh\u00f6rige<\/li>\n<li>Anregung und Unterst\u00fctzung gesundheits- und sozialpolitischer Initiativen f\u00fcr die Betroffenen<\/li>\n<li>Erschlie\u00dfung finanzieller Mittel f\u00fcr die Vereinsziele<\/li>\n<li>Mitarbeit in der \u201eDeutschen Alzheimer Gesellschaft\u201c<\/li>\n<\/ul>\n<p><strong>\u00a7 3\u00a0 Gemeinn\u00fctzigkeit<\/strong><\/p>\n<p style=\"text-align: justify;\">Der Verein verfolgt ausschlie\u00dflich und unmittelbar gemeinn\u00fctzige Zwecke im Sinne des Abschnitts \u201eSteuerbeg\u00fcnstigte Zwecke\u201c der Abgabenordnung. Der Verein ist selbstlos t\u00e4tig, er verfolgt nicht in erster Linie eigenwirtschaftliche Zwecke. Mittel des Vereins d\u00fcrfen nur f\u00fcr satzungsgem\u00e4\u00dfe Zwecke verwendet werden. Mitglieder erhalten keine Zuwendungen aus Mitteln des Vereins. Es darf keine Person durch Ausgaben, die dem Zweck des Vereins fremd sind, oder durch unverh\u00e4ltnism\u00e4\u00dfig hohe Verg\u00fctungen beg\u00fcnstigt werden.<\/p>\n<p style=\"text-align: justify;\"><strong>\u00a7 4\u00a0 Mitgliedschaft<\/strong><\/p>\n<p>Mitglied des Vereins kann jede nat\u00fcrliche oder juristische Person werden, die die Zwecke des Vereins unterst\u00fctzt. Die Mitgliedschaft wird durch einen schriftlichen Aufnahmeantrag an den Vorstand des Vereins beantragt. Sie ist mit Best\u00e4tigung durch den Vorstand wirksam. Die Zahl der Mitglieder ist nicht beschr\u00e4nkt. Die Namen der neu aufgenommenen Mitglieder werden vom Vorstand den Mitgliedern in geeigneter Form bekannt gegeben. Bei Ablehnung der Aufnahme durch den Vorstand ist der Antrag auf der folgenden Mitgliederversammlung vorzulegen.<\/p>\n<p style=\"text-align: justify;\">Die Mitgliedschaft endet:<\/p>\n<ul>\n<li>durch den Tod<\/li>\n<li>durch Austritt zum n\u00e4chsten Kalenderjahr, schriftlich zu erkl\u00e4ren an ein Vorstandsmitglied<\/li>\n<li>durch Streichung, wenn trotz zweimaliger Mahnung der Beitrag nicht gezahlt wurde<\/li>\n<li>durch Ausschluss, wenn ein Mitglied gegen die Zwecke und Interessen des Vereins grob versto\u00dfen hat. Der Ausschluss muss vom Vorstand mit 2\/3 Mehrheit beschlossen werden und ist dem Mitglied schriftlich mitzuteilen. Das Mitglied kann innerhalb eines Monats dagegen Einspruch erheben, dieser Einspruch ist der n\u00e4chsten Mitgliederversammlung vorzulegen, diese entscheidet endg\u00fcltig.<\/li>\n<li>bei juristischen Personen durch Verlust der Rechtspers\u00f6nlichkeit, Austritt oder Ausschluss.<\/li>\n<\/ul>\n<p><strong>\u00a7 5\u00a0 Mitgliedsbeitrag<\/strong><\/p>\n<p>Die Mitgliederversammlung setzt den j\u00e4hrlichen Mitgliedsbeitrag fest. Die Beitr\u00e4ge sind im ersten Monat des Kalenderjahres zu entrichten.<\/p>\n<p><strong>\u00a7 6\u00a0 Organe des Vereins<\/strong><\/p>\n<p>Organe des Vereins sind:<\/p>\n<ul>\n<li>die Mitgliederversammlung<\/li>\n<li>der Vorstand<\/li>\n<li>die Arbeitsaussch\u00fcsse<\/li>\n<\/ul>\n<p><strong>\u00a7 7\u00a0 Mitgliederversammlung<\/strong><\/p>\n<p>1. Die Mitgliederversammlung ist das oberste Beschlussorgan des Vereins. Sie hat folgende Aufgaben:<\/p>\n<ul>\n<li>Wahl des Vorstands<\/li>\n<li>Wahl zweier Rechnungspr\u00fcfer, die dem Vorstand nicht angeh\u00f6ren d\u00fcrfen<\/li>\n<li>Beschluss des Vereinshaushalts<\/li>\n<li>Entgegennahme des Jahresberichts und des Berichts des\/ der Rechnungspr\u00fcfer<\/li>\n<li>Entlastung des Vorstands<\/li>\n<li>Festsetzung der H\u00f6he des Mitgliedsbeitrags<\/li>\n<li>Bildung von Arbeitsaussch\u00fcssen<\/li>\n<li>Beschlussfassung \u00fcber Satzungs\u00e4nderungen und Aufl\u00f6sung des Vereins<\/li>\n<li>Beschlussfassung \u00fcber Aufl\u00f6sung des Vereins<\/li>\n<li style=\"text-align: justify;\">Wahl der Delegierten f\u00fcr die Delegiertenversamlung der \u201eDeutschen Alzheimer Gesellschaft\u201c. Anzahl und Dauer der Amtsperiode richtet sich nach der Satzung der Deutschen Alzheimer Gesellschaft.<\/li>\n<\/ul>\n<p style=\"text-align: justify;\">2. Die Mitgliederversammlung wird vom 1. Vorsitzenden oder seinem Stellvertreter mindestens 1x j\u00e4hrlich schriftlich unter Angabe der Tagesordnung mit einer Einladungsfrist von 4 Wochen einberufen und von ihm geleitet.<\/p>\n<p style=\"text-align: justify;\">3. Au\u00dferordentliche Mitgliederversammlungen k\u00f6nnen vom Vorstand oder m\u00fcssen auf Verlangen von mindestens 1\/3 der Mitglieder vom Vorstand einberufen werden. F\u00fcr Schriftform, Tagesordnung und Leitung gilt \u00a77.2. entsprechend.<\/p>\n<p>4. Jede ordnungsgem\u00e4\u00df einberufene Mitgliederversammlung ist beschlussf\u00e4hig.<\/p>\n<p>5. Stimmberechtigt ist jedes anwesende Mitglied.<\/p>\n<p style=\"text-align: justify;\">6. Die Mitgliederversammlung fasst ihre Beschl\u00fcsse mit der einfachen Mehrheit der abgegebenen Stimmen. Stimmenthaltungen und ung\u00fcltige Stimmen werden nicht ber\u00fccksichtigt.<\/p>\n<p>7. Satzungs\u00e4nderungen sind mit 2\/3 Mehrheit m\u00f6glich, die Aufl\u00f6sung des Vereins bedarf einer 3\/4 Mehrheit.<\/p>\n<p><strong>\u00a7 8\u00a0 Vorstand<\/strong><\/p>\n<p style=\"text-align: justify;\">1.\u00a0\u00a0 \u00a0Die Mitgliederversammlung w\u00e4hlt den Vorstand f\u00fcr jeweils 2 Jahre. Dem Vorstand sollen Angeh\u00f6rige, professionelle und ehrenamtliche Helfer sowie Fachleute angeh\u00f6ren.<\/p>\n<p style=\"text-align: justify;\">2.\u00a0\u00a0 \u00a0Der Vorstand besteht aus dem\/ der ersten Vorsitzenden, seinem Stellvertreter\/in, dem Schatzmeister\/in, dem Schriftf\u00fchrer\/in und bis zu vier Beisitzern, die von der Mitgliederversammlung mit einfacher Mehrheit einzeln gew\u00e4hlt werden. Wiederwahl ist zul\u00e4ssig. Hauptamtliche Mitarbeiter\/innen haben kein passives Wahlrecht.<\/p>\n<p style=\"text-align: justify;\">3.\u00a0\u00a0 \u00a0Vorstand im Sinne des \u00a7 26 Abs. 2 BGB sind der\/ die 1. und 2. Vorsitzende. Jeder der beiden ist einzeln zur Vertretung des Vereins berechtigt.<\/p>\n<p>4.\u00a0\u00a0 \u00a0Der Vorstand bleibt \u00fcber die Wahlperiode hinaus bis zur Wahl eines neuen Vorstands im Amt.<\/p>\n<p style=\"text-align: justify;\">5.\u00a0\u00a0 \u00a0Eine Abwahl des Vorstands kann von mindestens 1\/3 der Vereinsmitglieder wie in \u00a7 7.2 beschrieben, beantragt werden. F\u00fcr die Abwahl sind mindestens 2\/3 der Stimmen auf der Mitgliederversammlung erforderlich.<\/p>\n<p style=\"text-align: justify;\">6.\u00a0\u00a0 \u00a0Das Amt eines Vorstandsmitgliedes endet durch R\u00fccktritt oder durch Ausscheiden aus dem Verein. Tritt ein Vorstandsmitglied zur\u00fcck oder scheidet aus anderen Gr\u00fcnden aus, so kann durch den Vorstand ein Vertreter bis zur n\u00e4chsten Mitgliederversammlung bestimmt werden.<\/p>\n<p style=\"text-align: justify;\"><strong>\u00a7 9\u00a0 Niederschriften<\/strong><\/p>\n<p style=\"text-align: justify;\">\u00dcber die Beschl\u00fcsse der Mitgliederversammlung und die Wahlergebnisse sind vom Schriftf\u00fchrer oder einem von der Mitgliederversammlung gew\u00e4hlten Mitglied Niederschriften zu fertigen.<\/p>\n<p><strong>\u00a7 10\u00a0 Gesch\u00e4ftsf\u00fchrung<\/strong><\/p>\n<p style=\"text-align: justify;\">1.\u00a0\u00a0 \u00a0Die Gesch\u00e4ftsf\u00fchrung obliegt dem Vorstand, der sich eine eigene Gesch\u00e4ftsordnung geben kann. Der Vorstand f\u00fchrt die Beschl\u00fcsse der Mitgliederversammlung aus und leitet\/koordiniert die Aktivit\u00e4ten des Vereins. Er kann einzelne Mitglieder mit besonderen Aufgaben betrauen.<\/p>\n<p style=\"text-align: justify;\">2.\u00a0\u00a0 \u00a0Der Vorstand fasst seine Beschl\u00fcsse mit der einfachen Mehrheit der Stimmen. Bei Stimmengleichheit entscheidet die Stimme des Vorsitzenden. Der Vorstand ist beschlussf\u00e4hig, wenn mindestens die H\u00e4lfte seiner Mitglieder anwesend ist. Bei Eilbed\u00fcrftigkeit k\u00f6nnen Vorstandsbeschl\u00fcsse auch fernm\u00fcndlich oder schriftlich mit einfacher Mehrheit zu Stande kommen.<\/p>\n<p><strong>\u00a7 11\u00a0 Arbeitsaussch\u00fcsse<\/strong><\/p>\n<p style=\"text-align: justify;\">Der Verein kann f\u00fcr bestimmte Themen Arbeitsaussch\u00fcsse einsetzen. Arbeitsaussch\u00fcsse k\u00f6nnen auch von der Mitgliederversammlung beantragt werden.\u00a0 Die Mitglieder der Arbeitsaussch\u00fcsse werden vom Vorstand berufen. Die Ber\u00fccksichtigung und die Bewertung der Arbeitsergebnisse erfolgt durch den Vorstand. Der Vorstand ist der Mitgliederversammlung \u00fcber die Ergebnisse und Bewertung der Arbeitsaussch\u00fcsse rechenschaftspflichtig.<\/p>\n<p><strong>\u00a7 12\u00a0 Aufl\u00f6sung<\/strong><\/p>\n<p style=\"text-align: justify;\">Bei Aufl\u00f6sung des Vereins oder bei Wegfall seines bisherigen Zwecks f\u00e4llt das Verm\u00f6gen des Vereins an die \u201eDeutsche Alzheimer Gesellschaft\u201c, die es ausschlie\u00dflich und unmittelbar f\u00fcr gemeinn\u00fctzige Zwecke zu verwenden hat.<\/p>\n<p>G\u00fctersloh, den 25. April 2005<\/p>\n","protected":false},"excerpt":{"rendered":"<p>\u00a7 1\u00a0 Name, Sitz und Gesch\u00e4ftsjahr Der Verein f\u00fchrt den Namen \u201eAlzheimer Gesellschaft Kreis G\u00fctersloh\u201c und nach Eintragung in das Vereinsregister den Zusatz \u201ee.V.\u201c Sitz des Vereins ist G\u00fctersloh. Das Gesch\u00e4ftsjahr ist das Kalenderjahr. Der Verein ist Mitglied im Bundesverband der \u201eDeutschen Alzheimer ?Gesellschaft e.V.\u201c \u00a7 2\u00a0 Zweck des Vereins Zweck des Vereins ist die F\u00f6rderung von Hilfen f\u00fcr alle<\/p>\n","protected":false},"author":1,"featured_media":0,"parent":2,"menu_order":3,"comment_status":"open","ping_status":"open","template":"","meta":{"footnotes":""},"class_list":["post-84","page","type-page","status-publish","hentry"],"_links":{"self":[{"href":"https:\/\/www.alzheimer-guetersloh.de\/index.php?rest_route=\/wp\/v2\/pages\/84","targetHints":{"allow":["GET"]}}],"collection":[{"href":"https:\/\/www.alzheimer-guetersloh.de\/index.php?rest_route=\/wp\/v2\/pages"}],"about":[{"href":"https:\/\/www.alzheimer-guetersloh.de\/index.php?rest_route=\/wp\/v2\/types\/page"}],"author":[{"embeddable":true,"href":"https:\/\/www.alzheimer-guetersloh.de\/index.php?rest_route=\/wp\/v2\/users\/1"}],"replies":[{"embeddable":true,"href":"https:\/\/www.alzheimer-guetersloh.de\/index.php?rest_route=%2Fwp%2Fv2%2Fcomments&post=84"}],"version-history":[{"count":3,"href":"https:\/\/www.alzheimer-guetersloh.de\/index.php?rest_route=\/wp\/v2\/pages\/84\/revisions"}],"predecessor-version":[{"id":89,"href":"https:\/\/www.alzheimer-guetersloh.de\/index.php?rest_route=\/wp\/v2\/pages\/84\/revisions\/89"}],"up":[{"embeddable":true,"href":"https:\/\/www.alzheimer-guetersloh.de\/index.php?rest_route=\/wp\/v2\/pages\/2"}],"wp:attachment":[{"href":"https:\/\/www.alzheimer-guetersloh.de\/index.php?rest_route=%2Fwp%2Fv2%2Fmedia&parent=84"}],"curies":[{"name":"wp","href":"https:\/\/api.w.org\/{rel}","templated":true}]}}

<p style="text-align: justify;"><strong>§ 1  Name, Sitz und Geschäftsjahr</strong></p>
<p>Der Verein führt den Namen <strong>„Alzheimer Gesellschaft Kreis Gütersloh“</strong> und nach Eintragung in das Vereinsregister den Zusatz „e.V.“<br />
Sitz des Vereins ist Gütersloh.<br />
Das Geschäftsjahr ist das Kalenderjahr.<br />
Der Verein ist Mitglied im Bundesverband der „Deutschen Alzheimer ?Gesellschaft e.V.“</p>
<p style="text-align: justify;"><strong>§ 2  Zweck des Vereins</strong></p>
<p>Zweck des Vereins ist die Förderung von Hilfen für alle von der Alzheimer Krankheit und anderen Demenzerkrankungen betroffenen Menschen, für Menschen mit anderen psychischen Erkrankungen im höheren Lebensalter, sowie für die Angehörigen dieser Betroffenen und für die an der Versorgung beruflich oder ehrenamtlich beteiligten Personen. Grundlage der Arbeit ist die Überzeugung von der Würde des behinderten Lebens.</p>
<p style="text-align: justify;">Der Verein verwirklicht diese Ziele durch:</p>
<ul>
<li>Gezielte Projekte zur Verbesserung der Versorgung Demenzkranker in der Region</li>
<li>Öffentlichkeitsarbeit zur Förderung von Verständnis und Engagement für Menschen mit Demenzerkrankungen</li>
<li>Förderung von Fort- und Weiterbildungsveranstaltungen auf dem Gebiet der Demenz und anderer psychischer Alterskrankheiten</li>
<li>Aufbau, Förderung und Koordination von Beratungsstellen für Betroffene und Angehörige</li>
<li>Anregung und Unterstützung gesundheits- und sozialpolitischer Initiativen für die Betroffenen</li>
<li>Erschließung finanzieller Mittel für die Vereinsziele</li>
<li>Mitarbeit in der „Deutschen Alzheimer Gesellschaft“</li>
</ul>
<p><strong>§ 3  Gemeinnützigkeit</strong></p>
<p style="text-align: justify;">Der Verein verfolgt ausschließlich und unmittelbar gemeinnützige Zwecke im Sinne des Abschnitts „Steuerbegünstigte Zwecke“ der Abgabenordnung. Der Verein ist selbstlos tätig, er verfolgt nicht in erster Linie eigenwirtschaftliche Zwecke. Mittel des Vereins dürfen nur für satzungsgemäße Zwecke verwendet werden. Mitglieder erhalten keine Zuwendungen aus Mitteln des Vereins. Es darf keine Person durch Ausgaben, die dem Zweck des Vereins fremd sind, oder durch unverhältnismäßig hohe Vergütungen begünstigt werden.</p>
<p style="text-align: justify;"><strong>§ 4  Mitgliedschaft</strong></p>
<p>Mitglied des Vereins kann jede natürliche oder juristische Person werden, die die Zwecke des Vereins unterstützt. Die Mitgliedschaft wird durch einen schriftlichen Aufnahmeantrag an den Vorstand des Vereins beantragt. Sie ist mit Bestätigung durch den Vorstand wirksam. Die Zahl der Mitglieder ist nicht beschränkt. Die Namen der neu aufgenommenen Mitglieder werden vom Vorstand den Mitgliedern in geeigneter Form bekannt gegeben. Bei Ablehnung der Aufnahme durch den Vorstand ist der Antrag auf der folgenden Mitgliederversammlung vorzulegen.</p>
<p style="text-align: justify;">Die Mitgliedschaft endet:</p>
<ul>
<li>durch den Tod</li>
<li>durch Austritt zum nächsten Kalenderjahr, schriftlich zu erklären an ein Vorstandsmitglied</li>
<li>durch Streichung, wenn trotz zweimaliger Mahnung der Beitrag nicht gezahlt wurde</li>
<li>durch Ausschluss, wenn ein Mitglied gegen die Zwecke und Interessen des Vereins grob verstoßen hat. Der Ausschluss muss vom Vorstand mit 2/3 Mehrheit beschlossen werden und ist dem Mitglied schriftlich mitzuteilen. Das Mitglied kann innerhalb eines Monats dagegen Einspruch erheben, dieser Einspruch ist der nächsten Mitgliederversammlung vorzulegen, diese entscheidet endgültig.</li>
<li>bei juristischen Personen durch Verlust der Rechtspersönlichkeit, Austritt oder Ausschluss.</li>
</ul>
<p><strong>§ 5  Mitgliedsbeitrag</strong></p>
<p>Die Mitgliederversammlung setzt den jährlichen Mitgliedsbeitrag fest. Die Beiträge sind im ersten Monat des Kalenderjahres zu entrichten.</p>
<p><strong>§ 6  Organe des Vereins</strong></p>
<p>Organe des Vereins sind:</p>
<ul>
<li>die Mitgliederversammlung</li>
<li>der Vorstand</li>
<li>die Arbeitsausschüsse</li>
</ul>
<p><strong>§ 7  Mitgliederversammlung</strong></p>
<p>1. Die Mitgliederversammlung ist das oberste Beschlussorgan des Vereins. Sie hat folgende Aufgaben:</p>
<ul>
<li>Wahl des Vorstands</li>
<li>Wahl zweier Rechnungsprüfer, die dem Vorstand nicht angehören dürfen</li>
<li>Beschluss des Vereinshaushalts</li>
<li>Entgegennahme des Jahresberichts und des Berichts des/ der Rechnungsprüfer</li>
<li>Entlastung des Vorstands</li>
<li>Festsetzung der Höhe des Mitgliedsbeitrags</li>
<li>Bildung von Arbeitsausschüssen</li>
<li>Beschlussfassung über Satzungsänderungen und Auflösung des Vereins</li>
<li>Beschlussfassung über Auflösung des Vereins</li>
<li style="text-align: justify;">Wahl der Delegierten für die Delegiertenversamlung der „Deutschen Alzheimer Gesellschaft“. Anzahl und Dauer der Amtsperiode richtet sich nach der Satzung der Deutschen Alzheimer Gesellschaft.</li>
</ul>
<p style="text-align: justify;">2. Die Mitgliederversammlung wird vom 1. Vorsitzenden oder seinem Stellvertreter mindestens 1x jährlich schriftlich unter Angabe der Tagesordnung mit einer Einladungsfrist von 4 Wochen einberufen und von ihm geleitet.</p>
<p style="text-align: justify;">3. Außerordentliche Mitgliederversammlungen können vom Vorstand oder müssen auf Verlangen von mindestens 1/3 der Mitglieder vom Vorstand einberufen werden. Für Schriftform, Tagesordnung und Leitung gilt §7.2. entsprechend.</p>
<p>4. Jede ordnungsgemäß einberufene Mitgliederversammlung ist beschlussfähig.</p>
<p>5. Stimmberechtigt ist jedes anwesende Mitglied.</p>
<p style="text-align: justify;">6. Die Mitgliederversammlung fasst ihre Beschlüsse mit der einfachen Mehrheit der abgegebenen Stimmen. Stimmenthaltungen und ungültige Stimmen werden nicht berücksichtigt.</p>
<p>7. Satzungsänderungen sind mit 2/3 Mehrheit möglich, die Auflösung des Vereins bedarf einer 3/4 Mehrheit.</p>
<p><strong>§ 8  Vorstand</strong></p>
<p style="text-align: justify;">1.    Die Mitgliederversammlung wählt den Vorstand für jeweils 2 Jahre. Dem Vorstand sollen Angehörige, professionelle und ehrenamtliche Helfer sowie Fachleute angehören.</p>
<p style="text-align: justify;">2.    Der Vorstand besteht aus dem/ der ersten Vorsitzenden, seinem Stellvertreter/in, dem Schatzmeister/in, dem Schriftführer/in und bis zu vier Beisitzern, die von der Mitgliederversammlung mit einfacher Mehrheit einzeln gewählt werden. Wiederwahl ist zulässig. Hauptamtliche Mitarbeiter/innen haben kein passives Wahlrecht.</p>
<p style="text-align: justify;">3.    Vorstand im Sinne des § 26 Abs. 2 BGB sind der/ die 1. und 2. Vorsitzende. Jeder der beiden ist einzeln zur Vertretung des Vereins berechtigt.</p>
<p>4.    Der Vorstand bleibt über die Wahlperiode hinaus bis zur Wahl eines neuen Vorstands im Amt.</p>
<p style="text-align: justify;">5.    Eine Abwahl des Vorstands kann von mindestens 1/3 der Vereinsmitglieder wie in § 7.2 beschrieben, beantragt werden. Für die Abwahl sind mindestens 2/3 der Stimmen auf der Mitgliederversammlung erforderlich.</p>
<p style="text-align: justify;">6.    Das Amt eines Vorstandsmitgliedes endet durch Rücktritt oder durch Ausscheiden aus dem Verein. Tritt ein Vorstandsmitglied zurück oder scheidet aus anderen Gründen aus, so kann durch den Vorstand ein Vertreter bis zur nächsten Mitgliederversammlung bestimmt werden.</p>
<p style="text-align: justify;"><strong>§ 9  Niederschriften</strong></p>
<p style="text-align: justify;">Über die Beschlüsse der Mitgliederversammlung und die Wahlergebnisse sind vom Schriftführer oder einem von der Mitgliederversammlung gewählten Mitglied Niederschriften zu fertigen.</p>
<p><strong>§ 10  Geschäftsführung</strong></p>
<p style="text-align: justify;">1.    Die Geschäftsführung obliegt dem Vorstand, der sich eine eigene Geschäftsordnung geben kann. Der Vorstand führt die Beschlüsse der Mitgliederversammlung aus und leitet/koordiniert die Aktivitäten des Vereins. Er kann einzelne Mitglieder mit besonderen Aufgaben betrauen.</p>
<p style="text-align: justify;">2.    Der Vorstand fasst seine Beschlüsse mit der einfachen Mehrheit der Stimmen. Bei Stimmengleichheit entscheidet die Stimme des Vorsitzenden. Der Vorstand ist beschlussfähig, wenn mindestens die Hälfte seiner Mitglieder anwesend ist. Bei Eilbedürftigkeit können Vorstandsbeschlüsse auch fernmündlich oder schriftlich mit einfacher Mehrheit zu Stande kommen.</p>
<p><strong>§ 11  Arbeitsausschüsse</strong></p>
<p style="text-align: justify;">Der Verein kann für bestimmte Themen Arbeitsausschüsse einsetzen. Arbeitsausschüsse können auch von der Mitgliederversammlung beantragt werden.  Die Mitglieder der Arbeitsausschüsse werden vom Vorstand berufen. Die Berücksichtigung und die Bewertung der Arbeitsergebnisse erfolgt durch den Vorstand. Der Vorstand ist der Mitgliederversammlung über die Ergebnisse und Bewertung der Arbeitsausschüsse rechenschaftspflichtig.</p>
<p><strong>§ 12  Auflösung</strong></p>
<p style="text-align: justify;">Bei Auflösung des Vereins oder bei Wegfall seines bisherigen Zwecks fällt das Vermögen des Vereins an die „Deutsche Alzheimer Gesellschaft“, die es ausschließlich und unmittelbar für gemeinnützige Zwecke zu verwenden hat.</p>
<p>Gütersloh, den 25. April 2005</p>

<p>§ 1  Name, Sitz und Geschäftsjahr Der Verein führt den Namen „Alzheimer Gesellschaft Kreis Gütersloh“ und nach Eintragung in das Vereinsregister den Zusatz „e.V.“ Sitz des Vereins ist Gütersloh. Das Geschäftsjahr ist das Kalenderjahr. Der Verein ist Mitglied im Bundesverband der „Deutschen Alzheimer ?Gesellschaft e.V.“ § 2  Zweck des Vereins Zweck des Vereins ist die Förderung von Hilfen für alle</p>
