{"id":496,"date":"2018-04-17T17:52:42","date_gmt":"2018-04-17T17:52:42","guid":{"rendered":"http:\/\/www.alzheimer-guetersloh.de\/?page_id=496"},"modified":"2022-09-16T08:45:46","modified_gmt":"2022-09-16T08:45:46","slug":"sport-fuer-menschen-mit-demenz","status":"publish","type":"page","link":"https:\/\/www.alzheimer-guetersloh.de\/?page_id=496","title":{"rendered":"Sport f\u00fcr Menschen mit Demenz"},"content":{"rendered":"<p>1,5 Millionen demenziell erkrankte Menschen leben heute in Deutschland. Tendenz steigend. Demenz ist ein Thema, das viele betrifft, jeden ber\u00fchrt und daher alle zum Handeln aufruft.<\/p>\n<h6>Mobil bleiben trotz Erkrankung &#8211; das kann im Alltag helfen<\/h6>\n<p>Familien, die mit der Diagnose Demenz konfrontiert sind, denken an alles, nur nicht an<img loading=\"lazy\" decoding=\"async\" class=\"wp-image-498 alignright\" src=\"http:\/\/www.alzheimer-guetersloh.de\/uploads\/LSB_Gemeinsam-sportlich-sein_41939_klein.jpg\" alt=\"\" width=\"421\" height=\"414\" srcset=\"https:\/\/www.alzheimer-guetersloh.de\/uploads\/LSB_Gemeinsam-sportlich-sein_41939_klein.jpg 1000w, https:\/\/www.alzheimer-guetersloh.de\/uploads\/LSB_Gemeinsam-sportlich-sein_41939_klein-300x295.jpg 300w, https:\/\/www.alzheimer-guetersloh.de\/uploads\/LSB_Gemeinsam-sportlich-sein_41939_klein-768x756.jpg 768w, https:\/\/www.alzheimer-guetersloh.de\/uploads\/LSB_Gemeinsam-sportlich-sein_41939_klein-90x90.jpg 90w, https:\/\/www.alzheimer-guetersloh.de\/uploads\/LSB_Gemeinsam-sportlich-sein_41939_klein-75x75.jpg 75w\" sizes=\"auto, (max-width: 421px) 100vw, 421px\" \/> Sport. Dabei spielt gerade das Thema Sport &amp; Bewegung eine wichtige Rolle, wenn es neben Therapie und medizinischer Betreuung um die alltagsbezogene Bew\u00e4ltigung der Krankheit geht. Denn Sport und Bewegung bei Demenz haben erwiesener Ma\u00dfen \u201egute Nebenwirkungen\u201c! Studien zeigen, dass regelm\u00e4\u00dfige Bewegungsaktivit\u00e4ten helfen k\u00f6nnen, krankheitsbedingte Defizite im geistigen, k\u00f6rperlich-motorischen sowie im sozial-emotionalen Bereich zu kompensieren.<\/p>\n<p>&nbsp;<\/p>\n<h6>Sport f\u00fcr Menschen mit Demenz &#8211; Mittendrin statt au\u00dfen vor<\/h6>\n<p>Bewegung und das Aktivsein in einer Sportgruppe ist f\u00fcr demenziell erkrankte Menschen und ihre Angeh\u00f6rigen ein wichtiger Beitrag zur Verbesserung der Lebensqualit\u00e4t. Dabei geht es nicht nur um den Erhalt der k\u00f6rperlichen Fitness und allgemeinen Mobilit\u00e4t, sondern auch und insbesondere um das Erleben von Gemeinschaft, sozialer Einbindung und gesellschaftlicher Teilhabe. Trotz Erkrankung einen bewegten Alltag leben, mittendrin sein statt au\u00dfen vor, aktiv bleiben und Ressourcen st\u00e4rken, Freude erfahren und Normalit\u00e4t erleben.<\/p>\n<h6>Angebot &#8211; Sprechen Sie uns an<\/h6>\n<p>Der\u00a0Kreissportbund G\u00fctersloh \u00a0engagiert sich f\u00fcr das Thema \u201cSport f\u00fcr Menschen mit Demenz\u201c und h\u00e4lt Angebote f\u00fcr Betroffene gemeinsam mit der Alzheimer Gesellschaft im Kreis G\u00fctersloh bereit.\u00a0Wir stehen im regelm\u00e4\u00dfigen Austausch und bem\u00fchen uns gemeinsam mit weiteren Sportvereinen um den Ausbau bzw. die Weiterentwicklung von Sport- und Bewegungsangeboten f\u00fcr Menschen mit Demenz im Kreis G\u00fctersloh. In den Jahren 2014-2016 haben wir uns an dem landesweiten Modell<strong>-Projekt \u201eSport f\u00fcr Menschen mit Demenz\u201c<\/strong> des Behinderten- und Rehabilitationssportverband NRW und des\u00a0 Landessportbundes NRW beteiligt.<\/p>\n<p>weitere Informationen finden sie auf dieser Seite oder unter den folgenden Links:<\/p>\n<p>&nbsp;<\/p>\n<p><img loading=\"lazy\" decoding=\"async\" class=\"wp-image-499 alignleft\" src=\"http:\/\/www.alzheimer-guetersloh.de\/uploads\/LSBNRW_Demenz-Fr\u00fchphase_35397_klein.jpg\" alt=\"\" width=\"350\" height=\"233\" srcset=\"https:\/\/www.alzheimer-guetersloh.de\/uploads\/LSBNRW_Demenz-Fr\u00fchphase_35397_klein.jpg 1000w, https:\/\/www.alzheimer-guetersloh.de\/uploads\/LSBNRW_Demenz-Fr\u00fchphase_35397_klein-300x200.jpg 300w, https:\/\/www.alzheimer-guetersloh.de\/uploads\/LSBNRW_Demenz-Fr\u00fchphase_35397_klein-768x511.jpg 768w\" sizes=\"auto, (max-width: 350px) 100vw, 350px\" \/><\/p>\n<p>&nbsp;<\/p>\n<p>&nbsp;<\/p>\n<p>&nbsp;<\/p>\n<p>&nbsp;<\/p>\n<p>&nbsp;<\/p>\n<p>&nbsp;<\/p>\n<p>&nbsp;<\/p>\n<p>&nbsp;<\/p>\n<p><a href=\"https:\/\/www.ksb-gt.de\/themen\/bewegt-aelter-werden\">Kreissportbund G\u00fctersloh<\/a> <a href=\"https:\/\/www.ksb-gt.de\/themen\/bewegt-aelter-werden\">&#8211; bewegt \u00e4lter werden-\u00a0<\/a><\/p>\n<p><a href=\"http:\/\/www.alzheimer-guetersloh.de\/uploads\/Flyer_Sport_Bewegung_Demenz_2022_final.pdf\">Flyer_Sport_Bewegung_<\/a><a href=\"http:\/\/www.alzheimer-guetersloh.de\/uploads\/Flyer_Sport_Bewegung_Demenz_2022_final.pdf\">Demenz_2022_final<\/a><\/p>\n<p><a href=\"https:\/\/www.brsnw.de\/\">Behinderten- und Rehabilitationssportverband NRW (BRSNW)<\/a><\/p>\n<p><a href=\"https:\/\/www.diakonie-guetersloh.de\/leistungen\/senioren\/beratung-demenz\/\">Diakonie \u201eAtempause\u201c<\/a><\/p>\n<p><a href=\"https:\/\/alter-pflege-demenz-nrw.de\/regionalbueros\/region-ostwestfalen-lippe\/\">Demenz-Service\u00a0OWL\u00a0<\/a><\/p>\n<p><a href=\"https:\/\/www.deutsche-alzheimer.de\/\">Deutsche Alzheimer Gesellschaft<\/a><\/p>\n","protected":false},"excerpt":{"rendered":"<p>1,5 Millionen demenziell erkrankte Menschen leben heute in Deutschland. Tendenz steigend. Demenz ist ein Thema, das viele betrifft, jeden ber\u00fchrt und daher alle zum Handeln aufruft. Mobil bleiben trotz Erkrankung &#8211; das kann im Alltag helfen Familien, die mit der Diagnose Demenz konfrontiert sind, denken an alles, nur nicht an Sport. Dabei spielt gerade das Thema Sport &amp; Bewegung eine<\/p>\n","protected":false},"author":3,"featured_media":0,"parent":369,"menu_order":0,"comment_status":"closed","ping_status":"closed","template":"","meta":{"footnotes":""},"class_list":["post-496","page","type-page","status-publish","hentry"],"_links":{"self":[{"href":"https:\/\/www.alzheimer-guetersloh.de\/index.php?rest_route=\/wp\/v2\/pages\/496","targetHints":{"allow":["GET"]}}],"collection":[{"href":"https:\/\/www.alzheimer-guetersloh.de\/index.php?rest_route=\/wp\/v2\/pages"}],"about":[{"href":"https:\/\/www.alzheimer-guetersloh.de\/index.php?rest_route=\/wp\/v2\/types\/page"}],"author":[{"embeddable":true,"href":"https:\/\/www.alzheimer-guetersloh.de\/index.php?rest_route=\/wp\/v2\/users\/3"}],"replies":[{"embeddable":true,"href":"https:\/\/www.alzheimer-guetersloh.de\/index.php?rest_route=%2Fwp%2Fv2%2Fcomments&post=496"}],"version-history":[{"count":6,"href":"https:\/\/www.alzheimer-guetersloh.de\/index.php?rest_route=\/wp\/v2\/pages\/496\/revisions"}],"predecessor-version":[{"id":651,"href":"https:\/\/www.alzheimer-guetersloh.de\/index.php?rest_route=\/wp\/v2\/pages\/496\/revisions\/651"}],"up":[{"embeddable":true,"href":"https:\/\/www.alzheimer-guetersloh.de\/index.php?rest_route=\/wp\/v2\/pages\/369"}],"wp:attachment":[{"href":"https:\/\/www.alzheimer-guetersloh.de\/index.php?rest_route=%2Fwp%2Fv2%2Fmedia&parent=496"}],"curies":[{"name":"wp","href":"https:\/\/api.w.org\/{rel}","templated":true}]}}