{"id":369,"date":"2015-06-15T12:46:10","date_gmt":"2015-06-15T12:46:10","guid":{"rendered":"http:\/\/www.alzheimer-guetersloh.de\/?page_id=369"},"modified":"2025-04-11T10:24:42","modified_gmt":"2025-04-11T10:24:42","slug":"neu-sport-fuer-menschen-mit-demenz","status":"publish","type":"page","link":"https:\/\/www.alzheimer-guetersloh.de\/?page_id=369","title":{"rendered":"Sport f\u00fcr Menschen mit Demenz"},"content":{"rendered":"<div id=\"attachment_474\" style=\"width: 152px\" class=\"wp-caption alignright\"><a href=\"https:\/\/www.ksb-gt.de\/themen\/bewegt-aelter-werden\/projekte\/\"><img loading=\"lazy\" decoding=\"async\" aria-describedby=\"caption-attachment-474\" class=\"wp-image-474 size-medium\" src=\"http:\/\/www.alzheimer-guetersloh.de\/uploads\/Mitten-Drin-bewegt-142x300.jpg\" alt=\"\" width=\"142\" height=\"300\" srcset=\"https:\/\/www.alzheimer-guetersloh.de\/uploads\/Mitten-Drin-bewegt-142x300.jpg 142w, https:\/\/www.alzheimer-guetersloh.de\/uploads\/Mitten-Drin-bewegt.jpg 431w\" sizes=\"auto, (max-width: 142px) 100vw, 142px\" \/><\/a><p id=\"caption-attachment-474\" class=\"wp-caption-text\">Bild klicken f\u00fcr Link zum KSB<\/p><\/div>\n<p><a href=\"http:\/\/www.alzheimer-guetersloh.de\/uploads\/Flyer_Demenz-Projekt-Kreis-GT_mitten-drin_final.pdf\">Flyer_Demenz Projekt Kreis GT_mitten drin_final<\/a><\/p>\n<p>\u00bbStellen sie sich vor, sie suchen gerade ihr Auto im Parkhaus, da kommt eine nette junge Dame, hakt sich vertrauensvoll ein und sagt: \u203aWir gehen jetzt duschen\u2039\u00ab. Eine der in diesem Szenario beteiligten Personen ist offenbar im \u00bbfalschen Film\u00ab oder von einer Demenz betroffen. Mit diesem Nachdenkens werten Bild startete Dr. G<img loading=\"lazy\" decoding=\"async\" class=\"wp-image-502 alignleft\" src=\"http:\/\/www.alzheimer-guetersloh.de\/uploads\/20161210_Gruppenbild-ProjektTeam-GT-300x200.jpg\" alt=\"\" width=\"287\" height=\"191\" srcset=\"https:\/\/www.alzheimer-guetersloh.de\/uploads\/20161210_Gruppenbild-ProjektTeam-GT-300x200.jpg 300w, https:\/\/www.alzheimer-guetersloh.de\/uploads\/20161210_Gruppenbild-ProjektTeam-GT-768x512.jpg 768w, https:\/\/www.alzheimer-guetersloh.de\/uploads\/20161210_Gruppenbild-ProjektTeam-GT-1024x683.jpg 1024w\" sizes=\"auto, (max-width: 287px) 100vw, 287px\" \/>erhard N\u00fcbel, Vorsitzender der Alzheimer Gesellschaft G\u00fctersloh und renommierter Facharzt f\u00fcr Psychiatrie, seinen Vortrag zum Thema \u00bbGrundlagen der Krankheit Demenz\u00ab, zu dem der KSB G\u00fctersloh einen kleinen Kreis von Projekt-\u00dcbungsleiterinnen eingeladen hatte.<\/p>\n<p>&nbsp;<\/p>\n","protected":false},"excerpt":{"rendered":"<p>Flyer_Demenz Projekt Kreis GT_mitten drin_final \u00bbStellen sie sich vor, sie suchen gerade ihr Auto im Parkhaus, da kommt eine nette junge Dame, hakt sich vertrauensvoll ein und sagt: \u203aWir gehen jetzt duschen\u2039\u00ab. Eine der in diesem Szenario beteiligten Personen ist offenbar im \u00bbfalschen Film\u00ab oder von einer Demenz betroffen. Mit diesem Nachdenkens werten Bild startete Dr. Gerhard N\u00fcbel, Vorsitzender der<\/p>\n","protected":false},"author":3,"featured_media":0,"parent":0,"menu_order":0,"comment_status":"open","ping_status":"open","template":"","meta":{"footnotes":""},"class_list":["post-369","page","type-page","status-publish","hentry"],"_links":{"self":[{"href":"https:\/\/www.alzheimer-guetersloh.de\/index.php?rest_route=\/wp\/v2\/pages\/369","targetHints":{"allow":["GET"]}}],"collection":[{"href":"https:\/\/www.alzheimer-guetersloh.de\/index.php?rest_route=\/wp\/v2\/pages"}],"about":[{"href":"https:\/\/www.alzheimer-guetersloh.de\/index.php?rest_route=\/wp\/v2\/types\/page"}],"author":[{"embeddable":true,"href":"https:\/\/www.alzheimer-guetersloh.de\/index.php?rest_route=\/wp\/v2\/users\/3"}],"replies":[{"embeddable":true,"href":"https:\/\/www.alzheimer-guetersloh.de\/index.php?rest_route=%2Fwp%2Fv2%2Fcomments&post=369"}],"version-history":[{"count":10,"href":"https:\/\/www.alzheimer-guetersloh.de\/index.php?rest_route=\/wp\/v2\/pages\/369\/revisions"}],"predecessor-version":[{"id":782,"href":"https:\/\/www.alzheimer-guetersloh.de\/index.php?rest_route=\/wp\/v2\/pages\/369\/revisions\/782"}],"wp:attachment":[{"href":"https:\/\/www.alzheimer-guetersloh.de\/index.php?rest_route=%2Fwp%2Fv2%2Fmedia&parent=369"}],"curies":[{"name":"wp","href":"https:\/\/api.w.org\/{rel}","templated":true}]}}

Sport für Menschen mit Demenz

<div id="attachment_474" style="width: 152px" class="wp-caption alignright"><a href="https://www.ksb-gt.de/themen/bewegt-aelter-werden/projekte/"><img loading="lazy" decoding="async" aria-describedby="caption-attachment-474" class="wp-image-474 size-medium" src="http://www.alzheimer-guetersloh.de/uploads/Mitten-Drin-bewegt-142x300.jpg" alt="" width="142" height="300" srcset="https://www.alzheimer-guetersloh.de/uploads/Mitten-Drin-bewegt-142x300.jpg 142w, https://www.alzheimer-guetersloh.de/uploads/Mitten-Drin-bewegt.jpg 431w" sizes="auto, (max-width: 142px) 100vw, 142px" /></a><p id="caption-attachment-474" class="wp-caption-text">Bild klicken für Link zum KSB</p></div>
<p><a href="http://www.alzheimer-guetersloh.de/uploads/Flyer_Demenz-Projekt-Kreis-GT_mitten-drin_final.pdf">Flyer_Demenz Projekt Kreis GT_mitten drin_final</a></p>
<p>»Stellen sie sich vor, sie suchen gerade ihr Auto im Parkhaus, da kommt eine nette junge Dame, hakt sich vertrauensvoll ein und sagt: ›Wir gehen jetzt duschen‹«. Eine der in diesem Szenario beteiligten Personen ist offenbar im »falschen Film« oder von einer Demenz betroffen. Mit diesem Nachdenkens werten Bild startete Dr. G<img loading="lazy" decoding="async" class="wp-image-502 alignleft" src="http://www.alzheimer-guetersloh.de/uploads/20161210_Gruppenbild-ProjektTeam-GT-300x200.jpg" alt="" width="287" height="191" srcset="https://www.alzheimer-guetersloh.de/uploads/20161210_Gruppenbild-ProjektTeam-GT-300x200.jpg 300w, https://www.alzheimer-guetersloh.de/uploads/20161210_Gruppenbild-ProjektTeam-GT-768x512.jpg 768w, https://www.alzheimer-guetersloh.de/uploads/20161210_Gruppenbild-ProjektTeam-GT-1024x683.jpg 1024w" sizes="auto, (max-width: 287px) 100vw, 287px" />erhard Nübel, Vorsitzender der Alzheimer Gesellschaft Gütersloh und renommierter Facharzt für Psychiatrie, seinen Vortrag zum Thema »Grundlagen der Krankheit Demenz«, zu dem der KSB Gütersloh einen kleinen Kreis von Projekt-Übungsleiterinnen eingeladen hatte.</p>
<p>&nbsp;</p>

<p>Flyer_Demenz Projekt Kreis GT_mitten drin_final »Stellen sie sich vor, sie suchen gerade ihr Auto im Parkhaus, da kommt eine nette junge Dame, hakt sich vertrauensvoll ein und sagt: ›Wir gehen jetzt duschen‹«. Eine der in diesem Szenario beteiligten Personen ist offenbar im »falschen Film« oder von einer Demenz betroffen. Mit diesem Nachdenkens werten Bild startete Dr. Gerhard Nübel, Vorsitzender der</p>
