{"id":728,"date":"2023-11-09T12:16:42","date_gmt":"2023-11-09T12:16:42","guid":{"rendered":"http:\/\/www.alzheimer-guetersloh.de\/?page_id=728"},"modified":"2023-11-10T10:28:37","modified_gmt":"2023-11-10T10:28:37","slug":"gehtreffs-im-kreis-guetersloh-gesund-und-gesellig","status":"publish","type":"page","link":"http:\/\/www.alzheimer-guetersloh.de\/?page_id=728","title":{"rendered":"Gehtreffs im Kreis G\u00fctersloh &#8211; gesund und gesellig!"},"content":{"rendered":"<p><span class=\"fontstyle0\">Spazierengehen ist gesund, f\u00f6rdert die Gemeinschaft und macht Spa\u00df! Unter dem Motto \u201eRaus aus der Stube, ab an die frische Luft\u201c laden<br \/>\ndie Gehtreffs im Kreis\u00dcbersicht_Gehtreffs_Kreis GT_EV-Info_10-2023 <img loading=\"lazy\" decoding=\"async\" class=\"alignleft size-medium wp-image-731\" src=\"http:\/\/www.alzheimer-guetersloh.de\/uploads\/Gehtreff.jpg\" alt=\"\" width=\"256\" height=\"231\" \/> G\u00fctersloh \u00e4ltere Menschen zum Mitgehen ein.<br \/>\nDas Format Gehtreff ist ein Angebot f\u00fcr alle, die sich \u201eAlleing\u00e4nge\u201c nicht mehr zutrauen und\/oder sich f\u00fcr weitere Wegstrecken nicht mehr fit genug f\u00fchlen. <\/span><\/p>\n<p><span class=\"fontstyle0\">Spazierengehen im n\u00e4heren Umfeld schlie\u00dft die Angebotsl\u00fccke zwischen Walking und Wandern und ist eine alltagsnahe, f\u00fcr \u00c4ltere vertraute und zugleich gesundheitswirksame Form der Bewegung im Freien.<br \/>\n<\/span><span class=\"fontstyle2\">Alle Gehtreffs im Kreis G\u00fctersloh werden von geschulten und ehrenamtlich t\u00e4tigen Gehtreff-Paten begleitet.<\/span><\/p>\n<p><span class=\"fontstyle2\"><br \/>\n<strong>Das Angebot ist kostenlos. Anmeldungen sind nicht erforderlich.<\/strong><\/span><\/p>\n<p>Alle Gehtreffs und die Ansprechpartner*innen finden Sie hier:<\/p>\n<p><a href=\"https:\/\/www.ksb-gt.de\/themen\/bewegt-aelter-werden\/gehtreffs\">https:\/\/www.ksb-gt.de\/themen\/bewegt-aelter-werden\/gehtreffs<\/a><\/p>\n<p><a href=\"http:\/\/www.alzheimer-guetersloh.de\/uploads\/Uebersicht_Gehtreffs_Kreis-GT_EV-Info_10-2023.pdf\">PDF mit der \u00dcbersicht <\/a><\/p>\n","protected":false},"excerpt":{"rendered":"<p>Spazierengehen ist gesund, f\u00f6rdert die Gemeinschaft und macht Spa\u00df! Unter dem Motto \u201eRaus aus der Stube, ab an die frische Luft\u201c laden die Gehtreffs im Kreis\u00dcbersicht_Gehtreffs_Kreis GT_EV-Info_10-2023 G\u00fctersloh \u00e4ltere Menschen zum Mitgehen ein. Das Format Gehtreff ist ein Angebot f\u00fcr alle, die sich \u201eAlleing\u00e4nge\u201c nicht mehr zutrauen und\/oder sich f\u00fcr weitere Wegstrecken nicht mehr fit genug f\u00fchlen. Spazierengehen im n\u00e4heren<\/p>\n","protected":false},"author":3,"featured_media":0,"parent":369,"menu_order":0,"comment_status":"closed","ping_status":"closed","template":"","meta":{"footnotes":""},"class_list":["post-728","page","type-page","status-publish","hentry"],"_links":{"self":[{"href":"http:\/\/www.alzheimer-guetersloh.de\/index.php?rest_route=\/wp\/v2\/pages\/728","targetHints":{"allow":["GET"]}}],"collection":[{"href":"http:\/\/www.alzheimer-guetersloh.de\/index.php?rest_route=\/wp\/v2\/pages"}],"about":[{"href":"http:\/\/www.alzheimer-guetersloh.de\/index.php?rest_route=\/wp\/v2\/types\/page"}],"author":[{"embeddable":true,"href":"http:\/\/www.alzheimer-guetersloh.de\/index.php?rest_route=\/wp\/v2\/users\/3"}],"replies":[{"embeddable":true,"href":"http:\/\/www.alzheimer-guetersloh.de\/index.php?rest_route=%2Fwp%2Fv2%2Fcomments&post=728"}],"version-history":[{"count":3,"href":"http:\/\/www.alzheimer-guetersloh.de\/index.php?rest_route=\/wp\/v2\/pages\/728\/revisions"}],"predecessor-version":[{"id":733,"href":"http:\/\/www.alzheimer-guetersloh.de\/index.php?rest_route=\/wp\/v2\/pages\/728\/revisions\/733"}],"up":[{"embeddable":true,"href":"http:\/\/www.alzheimer-guetersloh.de\/index.php?rest_route=\/wp\/v2\/pages\/369"}],"wp:attachment":[{"href":"http:\/\/www.alzheimer-guetersloh.de\/index.php?rest_route=%2Fwp%2Fv2%2Fmedia&parent=728"}],"curies":[{"name":"wp","href":"https:\/\/api.w.org\/{rel}","templated":true}]}}

Gehtreffs im Kreis Gütersloh &#8211; gesund und gesellig!

<p><span class="fontstyle0">Spazierengehen ist gesund, fördert die Gemeinschaft und macht Spaß! Unter dem Motto „Raus aus der Stube, ab an die frische Luft“ laden<br />
die Gehtreffs im KreisÜbersicht_Gehtreffs_Kreis GT_EV-Info_10-2023 <img loading="lazy" decoding="async" class="alignleft size-medium wp-image-731" src="http://www.alzheimer-guetersloh.de/uploads/Gehtreff.jpg" alt="" width="256" height="231" /> Gütersloh ältere Menschen zum Mitgehen ein.<br />
Das Format Gehtreff ist ein Angebot für alle, die sich „Alleingänge“ nicht mehr zutrauen und/oder sich für weitere Wegstrecken nicht mehr fit genug fühlen. </span></p>
<p><span class="fontstyle0">Spazierengehen im näheren Umfeld schließt die Angebotslücke zwischen Walking und Wandern und ist eine alltagsnahe, für Ältere vertraute und zugleich gesundheitswirksame Form der Bewegung im Freien.<br />
</span><span class="fontstyle2">Alle Gehtreffs im Kreis Gütersloh werden von geschulten und ehrenamtlich tätigen Gehtreff-Paten begleitet.</span></p>
<p><span class="fontstyle2"><br />
<strong>Das Angebot ist kostenlos. Anmeldungen sind nicht erforderlich.</strong></span></p>
<p>Alle Gehtreffs und die Ansprechpartner*innen finden Sie hier:</p>
<p><a href="https://www.ksb-gt.de/themen/bewegt-aelter-werden/gehtreffs">https://www.ksb-gt.de/themen/bewegt-aelter-werden/gehtreffs</a></p>
<p><a href="http://www.alzheimer-guetersloh.de/uploads/Uebersicht_Gehtreffs_Kreis-GT_EV-Info_10-2023.pdf">PDF mit der Übersicht </a></p>

<p>Spazierengehen ist gesund, fördert die Gemeinschaft und macht Spaß! Unter dem Motto „Raus aus der Stube, ab an die frische Luft“ laden die Gehtreffs im KreisÜbersicht_Gehtreffs_Kreis GT_EV-Info_10-2023 Gütersloh ältere Menschen zum Mitgehen ein. Das Format Gehtreff ist ein Angebot für alle, die sich „Alleingänge“ nicht mehr zutrauen und/oder sich für weitere Wegstrecken nicht mehr fit genug fühlen. Spazierengehen im näheren</p>
