{"id":544,"date":"2019-06-29T10:19:23","date_gmt":"2019-06-29T10:19:23","guid":{"rendered":"http:\/\/www.alzheimer-guetersloh.de\/?page_id=544"},"modified":"2022-05-08T11:04:39","modified_gmt":"2022-05-08T11:04:39","slug":"bewegt-trotz-demenz-save-the-date-12-10-2019","status":"publish","type":"page","link":"http:\/\/www.alzheimer-guetersloh.de\/?page_id=544","title":{"rendered":"Bewegt trotz Demenz        Save the date 12.10.2019"},"content":{"rendered":"\r\n<p>Fachtag &amp; Sport aktiv<\/p>\r\n\r\n\r\n\r\n<p>Gemeinsam mit zahlreichen engagierten Sponsoren aus dem Kreis G\u00fctersloh findet im Oktober ein Fachtag f\u00fcr alle Engagierten und Interessierten B\u00fcrger statt, die sich mit Sport- und Gruppenangeboten, aber auch mit dem Thema Demenz besch\u00e4ftigen.<\/p>\r\n\r\n\r\n\r\n<figure class=\"wp-block-image\"><img loading=\"lazy\" decoding=\"async\" width=\"1024\" height=\"723\" class=\"wp-image-550\" src=\"http:\/\/www.alzheimer-guetersloh.de\/uploads\/image-1024x723.png\" alt=\"\" srcset=\"http:\/\/www.alzheimer-guetersloh.de\/uploads\/image-1024x723.png 1024w, http:\/\/www.alzheimer-guetersloh.de\/uploads\/image-300x212.png 300w, http:\/\/www.alzheimer-guetersloh.de\/uploads\/image-768x542.png 768w, http:\/\/www.alzheimer-guetersloh.de\/uploads\/image.png 1178w\" sizes=\"auto, (max-width: 1024px) 100vw, 1024px\" \/><\/figure>\r\n\r\n\r\n\r\n<div class=\"wp-block-file\"><a href=\"http:\/\/www.alzheimer-guetersloh.de\/uploads\/SaveTheDate_Fachtag_Sport-aktiv_Demenz_12-10-2019.pdf\">Flyer: SaveTheDate_Fachtag_Sport aktiv_Demenz_12-10-2019<\/a><a class=\"wp-block-file__button\" href=\"http:\/\/www.alzheimer-guetersloh.de\/uploads\/SaveTheDate_Fachtag_Sport-aktiv_Demenz_12-10-2019.pdf\" download=\"\">Herunterladen<\/a><\/div>\r\n\r\n\r\n\r\n<p>&nbsp;<\/p>\r\n\r\n\r\n\r\n<p>Das abwechslungsreiche Programm bietet allen Besucher*Innen sich \u00fcber die Vielfalt und Gestaltungsm\u00f6glichkeiten sportlicher Angebote f\u00fcr Menschen mit Demenz zu informieren und diese auch selbst zu erfahren.<\/p>\r\n\r\n\r\n\r\n<p>Alle Workshops, Infost\u00e4nde und Fachvortr\u00e4ge sind kostenlos.<\/p>\r\n\r\n\r\n\r\n<p>Mehr beim <a href=\"https:\/\/www.ksb-gt.de\/themen\/bewegt-aelter-werden\/\">Kreissportbund G\u00fctersloh<\/a><\/p>\r\n\r\n\r\n\r\n<p>Kreissportbund G\u00fctersloh Tel. 05241 85 1446<\/p>\r\n","protected":false},"excerpt":{"rendered":"<p>Fachtag &amp; Sport aktiv Gemeinsam mit zahlreichen engagierten Sponsoren aus dem Kreis G\u00fctersloh findet im Oktober ein Fachtag f\u00fcr alle Engagierten und Interessierten B\u00fcrger statt, die sich mit Sport- und Gruppenangeboten, aber auch mit dem Thema Demenz besch\u00e4ftigen. &nbsp; Das abwechslungsreiche Programm bietet allen Besucher*Innen sich \u00fcber die Vielfalt und Gestaltungsm\u00f6glichkeiten sportlicher Angebote f\u00fcr Menschen mit Demenz zu informieren und<\/p>\n","protected":false},"author":3,"featured_media":0,"parent":334,"menu_order":0,"comment_status":"closed","ping_status":"closed","template":"","meta":{"footnotes":""},"class_list":["post-544","page","type-page","status-publish","hentry"],"_links":{"self":[{"href":"http:\/\/www.alzheimer-guetersloh.de\/index.php?rest_route=\/wp\/v2\/pages\/544","targetHints":{"allow":["GET"]}}],"collection":[{"href":"http:\/\/www.alzheimer-guetersloh.de\/index.php?rest_route=\/wp\/v2\/pages"}],"about":[{"href":"http:\/\/www.alzheimer-guetersloh.de\/index.php?rest_route=\/wp\/v2\/types\/page"}],"author":[{"embeddable":true,"href":"http:\/\/www.alzheimer-guetersloh.de\/index.php?rest_route=\/wp\/v2\/users\/3"}],"replies":[{"embeddable":true,"href":"http:\/\/www.alzheimer-guetersloh.de\/index.php?rest_route=%2Fwp%2Fv2%2Fcomments&post=544"}],"version-history":[{"count":4,"href":"http:\/\/www.alzheimer-guetersloh.de\/index.php?rest_route=\/wp\/v2\/pages\/544\/revisions"}],"predecessor-version":[{"id":573,"href":"http:\/\/www.alzheimer-guetersloh.de\/index.php?rest_route=\/wp\/v2\/pages\/544\/revisions\/573"}],"up":[{"embeddable":true,"href":"http:\/\/www.alzheimer-guetersloh.de\/index.php?rest_route=\/wp\/v2\/pages\/334"}],"wp:attachment":[{"href":"http:\/\/www.alzheimer-guetersloh.de\/index.php?rest_route=%2Fwp%2Fv2%2Fmedia&parent=544"}],"curies":[{"name":"wp","href":"https:\/\/api.w.org\/{rel}","templated":true}]}}

<p>Fachtag &amp; Sport aktiv</p>



<p>Gemeinsam mit zahlreichen engagierten Sponsoren aus dem Kreis Gütersloh findet im Oktober ein Fachtag für alle Engagierten und Interessierten Bürger statt, die sich mit Sport- und Gruppenangeboten, aber auch mit dem Thema Demenz beschäftigen.</p>



<figure class="wp-block-image"><img loading="lazy" decoding="async" width="1024" height="723" class="wp-image-550" src="http://www.alzheimer-guetersloh.de/uploads/image-1024x723.png" alt="" srcset="http://www.alzheimer-guetersloh.de/uploads/image-1024x723.png 1024w, http://www.alzheimer-guetersloh.de/uploads/image-300x212.png 300w, http://www.alzheimer-guetersloh.de/uploads/image-768x542.png 768w, http://www.alzheimer-guetersloh.de/uploads/image.png 1178w" sizes="auto, (max-width: 1024px) 100vw, 1024px" /></figure>



<div class="wp-block-file"><a href="http://www.alzheimer-guetersloh.de/uploads/SaveTheDate_Fachtag_Sport-aktiv_Demenz_12-10-2019.pdf">Flyer: SaveTheDate_Fachtag_Sport aktiv_Demenz_12-10-2019</a><a class="wp-block-file__button" href="http://www.alzheimer-guetersloh.de/uploads/SaveTheDate_Fachtag_Sport-aktiv_Demenz_12-10-2019.pdf" download="">Herunterladen</a></div>



<p>&nbsp;</p>



<p>Das abwechslungsreiche Programm bietet allen Besucher*Innen sich über die Vielfalt und Gestaltungsmöglichkeiten sportlicher Angebote für Menschen mit Demenz zu informieren und diese auch selbst zu erfahren.</p>



<p>Alle Workshops, Infostände und Fachvorträge sind kostenlos.</p>



<p>Mehr beim <a href="https://www.ksb-gt.de/themen/bewegt-aelter-werden/">Kreissportbund Gütersloh</a></p>



<p>Kreissportbund Gütersloh Tel. 05241 85 1446</p>

<p>Fachtag &amp; Sport aktiv Gemeinsam mit zahlreichen engagierten Sponsoren aus dem Kreis Gütersloh findet im Oktober ein Fachtag für alle Engagierten und Interessierten Bürger statt, die sich mit Sport- und Gruppenangeboten, aber auch mit dem Thema Demenz beschäftigen. &nbsp; Das abwechslungsreiche Programm bietet allen Besucher*Innen sich über die Vielfalt und Gestaltungsmöglichkeiten sportlicher Angebote für Menschen mit Demenz zu informieren und</p>
